
27
(-5 - -3) + 28 - (-431 - -392)
65
-32 + -4 + 46 + 45
55
Calculate 15 + 0 - (606 + -575) - (1 - -21).
-38
What is the value of -1 + 41 + (-7 - 5) + 1 + 10?
39
Calculate (25 - 20) + (7 + 16 - -14).
42
(-2 + 50 - (-154 - -172) - 18) + 112
124
Evaluate -3 + (13 - -2) + 2358 + -2337.
33
Calculate -18 - ((42 - 59) + -10 + 4 + -20).
25
What is -1 + -109 - (-1007 + 849)?
48
Evaluate -15 + (-53 + 33 - -17) + 49.
31
Calculate 45 + -6 + 18 + (4 - 2) + -12 + 1.
48
Calculate 39 + (-26 - 31) - -59.
41
Calculate 25 - (57 + -67 + 65).
-30
Evaluate (-9 - ((18 - -6) + -45)) + -17.
-5
What is -297 + 299 + 2 + 5 - 14?
-5
What is -3 + -15 + 7 + 17 + -9 + -2 + 39?
34
What is the value of 1219 + -1258 - (2 + -3 + -21)?
-17
Calculate (-15 + -27 - -31) + (0 - -13) + -11 - -29.
20
(387 - 409) + 2 + -71 - 0
-91
Evaluate 818 + -830 - (0 - -5).
-17
Calculate 10 - (-342 + 86 - -141).
125
What is the value of -37 - 24 - -1 - -43?
-17
3 + -18 - -26 - 18 - (-116 + (1 - 5))
113
-69 + 24 + -6 + -8 + 15
-44
Calculate (54 - (137 + 14)) + 140.
43
What is the value of (76 - 63 - ((0 - -6) + -5)) + 60?
72
Calculate -3 - ((-864 + 878 - (1 - -2)) + -27 + 0).
13
118 + 1 - (-132 + 101 + 28) - 20
102
What is the value of (20 - 9) + (10 - (-2 - 2)) - (1 + -2)?
26
(12 - (-5 + -12 + 9 - -10)) + 41
51
Calculate 24 - (-23 + 41) - (1 - (3 - -17) - 4).
29
What is the value of -19 - ((-81 - -51) + 2)?
9
What is the value of 2 + -3 + -2 + 3 + (-25 + 0 - -1)?
-24
Evaluate -555 + 552 - (0 - -3) - (1 + 9).
-16
Evaluate -17 - (91 - 42 - 30).
-36
What is the value of (-15 - (10 - 2 - 14)) + (4 - -8) + 79?
82
What is -1 - -1 - -5 - (-30 - -39) - -4?
0
What is the value of 120 + -92 - (5 + -6 + -2 + 6 + -3)?
28
35 - (26 + -11 - (-7 - (-11 + -3)))
27
52 - (-31 - (-37 + 16)) - -1
63
What is 777 + -772 + (2 - -62) + (-1 - 0)?
68
(-141 - 197) + 349 - (1 + -97 - -2)
105
What is (-35 + 49 - -15) + 7 + 4?
40
90 + (-44 - 0) - 35
11
Evaluate -98 + 13 + 38 - -36.
-11
Evaluate 0 - 12 - (149 + (-213 - -25)).
27
What is (-12 - -1) + -7312 + 7376?
53
What is -58 - ((0 - -7) + -1 + (14 - 16))?
-62
What is the value of 29 + (22 - (38 + -2) - 4)?
11
What is the value of 120 + (-65 + 49 - (9 - 51)) + 0?
146
Calculate (47 - -26) + (-1 - -3) - 24.
51
126 - (235 + -122) - ((112 - -3) + 0)
-102
-139 + (52 - -28) + -1
-60
Calculate 5 - (-45 - 1) - (-12 + 16 + 12).
35
56 - (21 + 41 + -18 - 7)
19
Evaluate (13 + (-13 - (3 + -12 + 1)) - 5) + -79.
-76
What is the value of 7 + (26 - (52 + (15 - 11)))?
-23
Evaluate (-386 - -363) + (-1 + -18 - 4).
-46
Calculate 27 + -7 - 7 - (-10 - (4 + 3 + -10)).
20
-62 - 8 - ((28 - 42) + -3)
-53
Evaluate (-1585 - -1582 - (3 - (2 + -1))) + 46.
41
What is 8 + (-146 - (-24 - -18)) + (2 - -7)?
-123
What is -74 + 93 - (1 + 15)?
3
What is -68 - (-40 - 24 - 7)?
3
What is the value of 30 + (-411 - -397) - (0 - 0 - -146)?
-130
0 + 68 + -27 - (-7 + (20 - 0))
28
What is the value of -4 - -1 - 14 - (250 + -206 + -2 + -29)?
-30
What is 32 + -37 + 1 + 11 - (0 - -1)?
6
Evaluate 3 - (9 + 57 + (-12 - -2) + 1 + 1).
-55
Calculate 2 - (3 + 2 + 10 + -2) - (-1720 + 1734).
-25
Calculate 116 - ((11 - (-4 - (12 + (-16 - -1)))) + -1).
105
What is the value of (-7 - 8) + 11 + 8 - (3 - -18)?
-17
What is (-6 + 8 + 6 - 13) + (-7 - 25)?
-37
Evaluate (-98 - -138 - 39) + 1 + 0 + 0.
2
45 - (49 - (-71 - -57))
-18
Evaluate -16 + 21 - 8 - 22 - (1 + -2 + 2).
-26
What is (-4 - -13 - 5) + 13 + -51 + 117?
83
Calculate -4 + (-2 - -3 - (19 + 9 + -26)) + 4.
-1
Calculate 1 - (4 - 30) - (817 + -763).
-27
1 + 14 + (26 - 45 - (101 - 6))
-99
91 + -113 + 16 + 46
40
-34 + -5 - (-30 + -60)
51
Calculate -12 + (19 + (-17 - -12) - 21).
-19
18 - (-35 + 27 + 16 + (5 - 0))
5
Evaluate -36 + 44 + (56 - -4) + (-2 - (6 + 2)).
58
Calculate -15 + -34 + 47 + 39 + 11.
48
Calculate -4 + 2 + (3 - (9 + -2) - -7) + 6.
7
(0 - 15) + (-74 - (2 + -137)) + 3 + -1
48
7 - 0 - (-2536 + 2535)
8
What is the value of 29 + -6 + 9 - -20 - (11 - -2)?
39
What is the value of 18 + -100 - -29 - (5 - 10) - 4?
-52
(103 - (-65 + 17 - -14)) + -33
104
-80 - ((13 + -59 - -61) + (-16 - 3))
-76
Calculate -45 - -5 - (18 - (67 - 25 - 17)).
-33
Evaluate 26 - -33 - 35 - 48.
-24
What is the value of 1 - -30 - (-1538 + 1567) - 20?
-18
96 - ((67 - 93) + 54)
68
Evaluate -70 - (-4 - -16 - (-3 - (-4 - 20))).
-61
Evaluate 5 + (71 - (31 + 4)) + 3 + 3.
47
Evaluate 12 - (-13 - -31) - (-14 - -4 - 12).
16
Calculate 11 - (30 + -36) - (36 + -16).
-3
What is the value of -1 + -83 - (9 - (-17 + 69 - 30))?
-71
What is -2 + 19 + -1 + -4 + (-758 - -713)?
-33
-51 + -67 + 109 + -1 + 3 + 78 + -2
69
65 + 71 + -141 + 20
15
What is (0 - -1) + -11 + (-59 - (52 - 133)) - 9?
3
Evaluate 27 + (-10 - -26 - 28) + 38.
53
What is the value of -79 + 22 + 10 + (-39 - -16)?
-70
Calculate -34 - (-2 - (3 + 2)) - (2 - 14).
-15
Calculate 31 + (6 + (6 - 18) - 10 - -1).
16
Calculate (-111 - 2) + -2 + 3 - (-69 + 76 + -20).
-99
Calculate 21 + 5 - (7 - 0 - (-48 + 62)).
33
What is 23 + 10 + -35 + 22 + -8?
12
Evaluate -1 - ((-4 + (8 - -2) - 6) + -44 + 43).
0
-1 + 17 - (-78 + 11 + 9)
74
Calculate 20 + (-26 - (9 + -16)) - (1 - 41).
41
Calculate 43 + -50 - (12 + -18 + -7 + 8).
-2
What is the value of -1 + 9 + (14 + -45 - -17)?
-6
-81 - (-6 + 23) - -148
50
210 - 89 - 102 - 64
-45
-32 + 19 + -13 - (-79 - -5)
48
Evaluate 3 + -2 + -41 + 1 - (71 - (69 - 3)).
-44
Calculate 15 - (-13 - (12 + 0)) - 7.
33
21 + -24 + 43 + (-1 - (-8 - 5))
52
What is -20 + 102 - 68 - (7 - 1)?
8
What is the value of -17 + -4 + (0 - -16 - 26)?
-31
Evaluate -6428 + 6404 + 28 + (0 - 2).
2
What is (9 - -22) + 260 + -335?
-44
Evaluate (80 - -8) + -88 + (2 - 2 - (0 + 5)).
-5
-26293 + 26304 - (20 + -5 + 2 + 1)
-7
What is -5 - -16 - (153 + -93) - -39?
-10
What is the value of -80 - ((4 - 8 - 6) + -11 - -12 - -7)?
-78
What is (-17 - -39 - 11 - 17) + 91?
85
What is (-25 + 74 - 72) + 49?
26
Calculate (-155 + 121 - (-7 + 4 - 5)) + 4.
-22
Calculate -1 + -24 + (-17 - (8 - 8)) + 21.
-21
12507 + -12615 - ((13 - 0 - (1 - 0)) + 1)
-121
Calculate -21 + (-18 + -48 + 95 - (-1 + 0)).
9
Evaluate 0 - (-52 - (2 - 0) - (-52 + 44)).
46
-24 - (6 + (25 - 12) + -20)
-23
Calculate (48 - (-2 - (-4 - ((6 - 19) + 9)))) + 2.
52
What is the value of (7 - (-25 - 4 - -19) - 11) + 86 + -1?
91
What is (3084 - 3075) + 0 + -35?
-26
78 + -93 + (72 - 82) + -1 + -49 + 0
-75
(-7 - 36) + -29 + 37
-35
Calculate 0 + -12 + 10 + -8 + 23.
13
What is (-11 - (-4 + 19 + -10)) + -73 + 63?
-26
Evaluate -7 - -22 - 47 - -47.
15
(-11 - (6 - 9)) + 7 + -10 + 4
-7
-30 + 45 - (-2 + 16)
1
Evaluate (-3 + 12 - (-76 - -78)) + (-36 - -2).
-27
-147 + 91 + 137 + 22
103
0 + 0 + -1 - (-10 - (-225 + 332))
116
Evaluate (95 - 106 - (2 - 40)) + 24.
51
What is (-2 - 1) + -13 + 21 + (24 - (-15 - 14))?
58
925 + -830 - (-4 + 222)
-123
What is 14 + -29 + -27 + -40?
-82
4 - (1 - -13) - (-63 - -40 - 32)
45
Calculate (82 - 9) + -50 + -71.
-48
-5 - (-12 + -18 + 79 - 23)
-31
Calculate -1 + 18 + (-50 - (-85 - -56 - 19)).
15
Evaluate 6 + 20 + -16 + 14 + 64 - -7.
95
What is the value of (-2 - -1) + (56 + -65 - 36)?
-46
What is the value of 6 - (-4 + (-9 - -20)) - (11 - 4)?
-8
-6 + 30 - 29 - (72 + -78 + 0 + 32)
-31
Evaluate -37 + (-28 - -31 - -50) + 24 + -1.
39
What is -239 + 242 - (0 - (14 + 0)) - -12?
29
Calculate -173 - -166 - ((-1 - (-2 - 3)) + (-27 - 8)).
24
Calculate (-198 - -98) + 33 - -2.
-65
Calculate (1 + -4 - (-2 + 0)) + (7 - 6).
0
Evaluate -27 - (-34 + 73 + -18).
-48
Calculate -58 + (47 - (38 + -70)).
21
Evaluate -22 + -34 + (2 - 2) + 17 + -11 + -5.
-55
What is 36 - (14 + 27 - 43)?
38
179 - 3 - 222 - (-28 + 1)
-19
Evaluate -1 + (-34 - (-23 + 1 + 5 + 8)).
-26
What is (1 + 10 - (282 + -264)) + -21 + -49?
-77
What is the value of (19 - 61 - -23) + (-6 - 3)?
-28
-3 + -4 + (-19 - (4 - (-24 - 2) - 14))
-42
What is -45 + 35 + -11 + 5 + 50?
34
Calculate 56 + -2 - (2 + 30 + 0 + -46).
68
What is the value of -60 + 63 - -79 - 46?
36
1 - (-13 + -2 + (-20 - (33 - 119)))
-50
What is 13 + (13 - 21) + (-4 - 0) - (-4 + -31)?
36
What is the value of -18 - 1 - (168 - (-2 - -124))?
-65
Calculate (-49 - (-26 - -21)) + 39 + -40.
-45
Evaluate (-125 + 47 - -147) + -109.
-40
Evaluate (-11 - 0) + 5 + 8 - (27 - -19).
-44
(-4 - -7) + (-12 - (1 - 17)) + -13
-6
What is 0 + 20 - (-87 - (-33 + -29))?
45
Evaluate -106 + 151 + (308 - 302 - (-9 - (-1 + 0))).
59
What is 71 - (3 